{"version":"1.0","provider_name":"PETER \u010cERNI\u010cKA","provider_url":"https:\/\/www.petercernicka.eu\/de","title":"Aran\u017em\u00e1 skladby na s\u00fa\u0165a\u017e \u017eia\u010dky ZU\u0160 z Malaciek - PETER \u010cERNI\u010cKA","type":"rich","width":600,"height":338,"html":"<blockquote class=\"wp-embedded-content\" data-secret=\"kfB21wLHHN\"><a href=\"https:\/\/www.petercernicka.eu\/de\/aranzma-skladby-na-sutaz-ziacky-zus-z-malaciek\/\">Arrangement eines Liedes f\u00fcr einen Wettbewerb von einem Sch\u00fcler der Grundschule aus Malacky<\/a><\/blockquote><iframe sandbox=\"allow-scripts\" security=\"restricted\" src=\"https:\/\/www.petercernicka.eu\/de\/aranzma-skladby-na-sutaz-ziacky-zus-z-malaciek\/embed\/#?secret=kfB21wLHHN\" width=\"600\" height=\"338\" title=\"&#8222;Aran\u017em\u00e1 skladby na s\u00fa\u0165a\u017e \u017eia\u010dky ZU\u0160 z Malaciek&#8220; &#8211; PETER \u010cERNI\u010cKA\" data-secret=\"kfB21wLHHN\" frameborder=\"0\" marginwidth=\"0\" marginheight=\"0\" scrolling=\"no\" class=\"wp-embedded-content\"><\/iframe><script type=\"text\/javascript\">\n\/* <![CDATA[ *\/\n\/*! This file is auto-generated *\/\n!function(d,l){\"use strict\";l.querySelector&&d.addEventListener&&\"undefined\"!=typeof URL&&(d.wp=d.wp||{},d.wp.receiveEmbedMessage||(d.wp.receiveEmbedMessage=function(e){var t=e.data;if((t||t.secret||t.message||t.value)&&!\/[^a-zA-Z0-9]\/.test(t.secret)){for(var s,r,n,a=l.querySelectorAll('iframe[data-secret=\"'+t.secret+'\"]'),o=l.querySelectorAll('blockquote[data-secret=\"'+t.secret+'\"]'),c=new RegExp(\"^https?:$\",\"i\"),i=0;i<o.length;i++)o[i].style.display=\"none\";for(i=0;i<a.length;i++)s=a[i],e.source===s.contentWindow&&(s.removeAttribute(\"style\"),\"height\"===t.message?(1e3<(r=parseInt(t.value,10))?r=1e3:~~r<200&&(r=200),s.height=r):\"link\"===t.message&&(r=new URL(s.getAttribute(\"src\")),n=new URL(t.value),c.test(n.protocol))&&n.host===r.host&&l.activeElement===s&&(d.top.location.href=t.value))}},d.addEventListener(\"message\",d.wp.receiveEmbedMessage,!1),l.addEventListener(\"DOMContentLoaded\",function(){for(var e,t,s=l.querySelectorAll(\"iframe.wp-embedded-content\"),r=0;r<s.length;r++)(t=(e=s[r]).getAttribute(\"data-secret\"))||(t=Math.random().toString(36).substring(2,12),e.src+=\"#?secret=\"+t,e.setAttribute(\"data-secret\",t)),e.contentWindow.postMessage({message:\"ready\",secret:t},\"*\")},!1)))}(window,document);\n\/\/# sourceURL=https:\/\/www.petercernicka.eu\/wp-includes\/js\/wp-embed.min.js\n\/* ]]> *\/\n<\/script>","thumbnail_url":"https:\/\/www.petercernicka.eu\/wp-content\/uploads\/2024\/10\/hdimg53c758421b4343ef5dc4c6917d1a87.jpg","thumbnail_width":1358,"thumbnail_height":1920,"description":"BON ART JUNIOR FEST V stredu 23.10.2024 sa uskuto\u010dnilo fin\u00e1le spev\u00e1ckej s\u00fa\u0165a\u017ee BON ART JUNIOR FEST v Prahe, ktorej sa z\u00fa\u010dastnila aj talentovan\u00e1 \u017eia\u010dka Tamara zo ZU\u0160 v Malack\u00e1ch za doprovodu\u00a0\u017eiv\u00e9ho orchestra ktor\u00fd dirigoval F\u00e9lix Slov\u00e1\u010dek ml. Aran\u017em\u00e1 skladby pre orchester som [&hellip;]"}

PETER ČERNIČKA

Aranžmá skladby na súťaž žiačky ZUŠ z Malaciek - PETER ČERNIČKA

<blockquote class="wp-embedded-content" data-secret="kfB21wLHHN"><a href="https://www.petercernicka.eu/de/aranzma-skladby-na-sutaz-ziacky-zus-z-malaciek/">Arrangement eines Liedes für einen Wettbewerb von einem Schüler der Grundschule aus Malacky</a></blockquote><iframe sandbox="allow-scripts" security="restricted" src="https://www.petercernicka.eu/de/aranzma-skladby-na-sutaz-ziacky-zus-z-malaciek/embed/#?secret=kfB21wLHHN" width="600" height="338" title="&#8222;Aranžmá skladby na súťaž žiačky ZUŠ z Malaciek&#8220; &#8211; PETER ČERNIČKA" data-secret="kfB21wLHHN" frameborder="0" marginwidth="0" marginheight="0" scrolling="no" class="wp-embedded-content"></iframe><script type="text/javascript">
/* <![CDATA[ */
/*! This file is auto-generated */
!function(d,l){"use strict";l.querySelector&&d.addEventListener&&"undefined"!=typeof URL&&(d.wp=d.wp||{},d.wp.receiveEmbedMessage||(d.wp.receiveEmbedMessage=function(e){var t=e.data;if((t||t.secret||t.message||t.value)&&!/[^a-zA-Z0-9]/.test(t.secret)){for(var s,r,n,a=l.querySelectorAll('iframe[data-secret="'+t.secret+'"]'),o=l.querySelectorAll('blockquote[data-secret="'+t.secret+'"]'),c=new RegExp("^https?:$","i"),i=0;i<o.length;i++)o[i].style.display="none";for(i=0;i<a.length;i++)s=a[i],e.source===s.contentWindow&&(s.removeAttribute("style"),"height"===t.message?(1e3<(r=parseInt(t.value,10))?r=1e3:~~r<200&&(r=200),s.height=r):"link"===t.message&&(r=new URL(s.getAttribute("src")),n=new URL(t.value),c.test(n.protocol))&&n.host===r.host&&l.activeElement===s&&(d.top.location.href=t.value))}},d.addEventListener("message",d.wp.receiveEmbedMessage,!1),l.addEventListener("DOMContentLoaded",function(){for(var e,t,s=l.querySelectorAll("iframe.wp-embedded-content"),r=0;r<s.length;r++)(t=(e=s[r]).getAttribute("data-secret"))||(t=Math.random().toString(36).substring(2,12),e.src+="#?secret="+t,e.setAttribute("data-secret",t)),e.contentWindow.postMessage({message:"ready",secret:t},"*")},!1)))}(window,document);
//# sourceURL=https://www.petercernicka.eu/wp-includes/js/wp-embed.min.js
/* ]]> */
</script>

BON ART JUNIOR FEST V stredu 23.10.2024 sa uskutočnilo finále speváckej súťaže BON ART JUNIOR FEST v Prahe, ktorej sa zúčastnila aj talentovaná žiačka Tamara zo ZUŠ v Malackách za doprovodu živého orchestra ktorý dirigoval Félix Slováček ml. Aranžmá skladby pre orchester som [&hellip;]
